t k be h/65 - 18/(-5). Is j(k) prime?
False
Let l = -12662 - -26331. Is l prime?
True
Suppose 2*h = -5*c + 2, -5*h = -4*h + 4*c - 7. Let x(g) = g**3 + 12*g**2 - 8*g - 14. Is x(h) composite?
True
Suppose 108*j = 112*j. Suppose j*p + 14166 = 9*p. Is p composite?
True
Suppose 98964 = 41*q - 5*q. Is q a prime number?
True
Suppose -5*m = 4*a - 2739, 2*a = -m - 2*a + 535. Suppose 784 = 3*p - m. Is p a prime number?
False
Let o(i) = i - 2. Let p be o(4). Let l be (p/7)/((-1)/(-14)). Suppose l*r = -113 + 345. Is r composite?
True
Let u(l) = -414*l - 31. Suppose 5*p + 7*k - 3*k + 37 = 0, 0 = -5*p - 5*k - 40. Is u(p) composite?
False
Let u(m) = 3*m**2 + 9*m + 1. Let j be u(9). Is j - 3/(2 - 5) a prime number?
False
Let f = 8 - 14. Let q(y) = y**3 + 3*y**2 - y + 2. Let b(o) = -7*o**3 - 23*o**2 + 12*o - 14. Let i(s) = -b(s) - 6*q(s). Is i(f) a composite number?
False
Is 6 - 160/24 - (-62566)/6 composite?
False
Let q(v) = -1032*v**3 + 6*v**2 + 11*v - 1. Is q(-2) composite?
True
Let a be 0 + -3*4/(-3). Suppose 5*v - 1779 = a*d, 5*v + 2*d - 4*d - 1777 = 0. Suppose v + 240 = 5*f. Is f a composite number?
True
Let s = 149079 + -85510. Is s a prime number?
False
Suppose 3005 = i - 2*t + t, -3*i + 9029 = 4*t. Is i composite?
True
Let w(m) = 144*m**2 + m + 1. Let s be w(-2). Let n = -2 - -5. Suppose n*z = -2*z + s. Is z a composite number?
True
Let n = 326 - 226. Let g = n + -34. Suppose 0 = k - 25 - g. Is k a prime number?
False
Let t be 39/(-13)*10/3. Is (t/(-15))/((-2)/(-2517)) composite?
False
Let u be (-1952)/(-88) - (-6)/(-33). Suppose -u*k + 17*k + 13525 = 0. Is k a prime number?
False
Let b be (1 - 1955)/((-2)/3). Suppose b = 4*l - l. Is l prime?
True
Suppose 0 = -b + 3 + 1. Let y be (14/(-4))/(2/b). Is 82*(y/(-2) + -2) composite?
True
Suppose 3*g - 11942 - 4481 = -2*l, -2*g + 2*l = -10932. Is g composite?
False
Suppose -5*g - 2*c + 611894 - 217039 = 0, 3*c + 78988 = g. Is g composite?
True
Suppose -f = 4*f - 545. Suppose -3*o - 2*a + 107 = 0, 5*a - f = -3*o + 4*a. Let g = o - 2. Is g a composite number?
True
Is (3 - (-4 - (-5 + -3)))*-11351 composite?
False
Is 46729 - (-44 - -2)/(-7) a prime number?
True
Let l be -2 + 14/4 + 21/(-2). Is ((0 + -1)*(-1628 + l))/1 a prime number?
True
Let u = -9 - -12. Let j(i) = 0*i**u - 2*i**3 + 2 - i**2 + 3*i**3 + 11*i. Is j(5) composite?
False
Suppose -3*f + 181 = -4*g, -5*f + 3*f = 5*g - 90. Let l = 744 - f. Is l a composite number?
True
Let h be (16 + -12)*(-25)/(-4). Let z = 108 - h. Is z a prime number?
True
Let s(v) = -603*v - 11. Let m be s(-5). Suppose -35*d = -39*d + m. Is d a composite number?
False
Let t = -3164 + 1604. Let k = t - -2675. Is k composite?
True
Let w(m) = 9*m**2 + m. Let o be w(4). Suppose o + 208 = 4*d. Is d composite?
False
Let y(n) = -n**3 + 13*n**2 - 6*n - 13. Let l(p) = 106 - 95 + 4*p**2 - 3*p**2. Let m be l(0). Is y(m) a composite number?
False
Let v = 39345 + -21698. Is v a prime number?
False
Is (-7 + (-8552)/(-32))*4 composite?
True
Suppose 2*z - 77 = -c, -4*c - 5*z + 22 + 292 = 0. Suppose -2*v + 3*v - 13 = 0. Let x = c + v. Is x a composite number?
True
Suppose -l + 4 = 2. Suppose -14 - l = -4*u. Is (5 - 19)*(-14)/u a prime number?
False
Let n be (-2138)/18 + 8/(-36). Let b = n - -417. Suppose 0 = k + 4*w - 481, 3*w = -k + 184 + b. Is k a composite number?
True
Suppose -46 = 2*l + 6. Suppose 724 + 1516 = -x. Is x/l + (-4)/26 a prime number?
False
Let f = -59 - -5338. Is f a prime number?
True
Suppose -3*r = -z - 0*r + 6, 0 = -4*z - 2*r + 10. Suppose z*p - 8*p = -275. Is p prime?
False
Let v = 9093 - 3872. Is v composite?
True
Let w = 1027 - 1977. Let o = -633 - w. Is o a composite number?
False
Let u = 9976 + -4137. Is u prime?
True
Let l = 11797 + -1273. Suppose -l = 4*k - 16*k. Is k a composite number?
False
Let g(i) = 3*i**2 + 13*i - 21. Let z be g(27). Suppose p + s - z = 68, p - s - 2589 = 0. Is p composite?
True
Suppose 4*d - 19919 = -5*h, -3*d - 3*h - 1825 = -16765. Is d prime?
False
Suppose -3 = -a + 2*x - 1, 5*a + 5*x + 50 = 0. Is (-3 - 4695/a)/(1/2) prime?
True
Suppose 0 = 5*g - 56229 + 1409. Suppose 6*s = 10*s - g. Is s a prime number?
True
Let m be 1 - 2*-2 - -1. Let v(w) = -w**2 + 9*w - 5. Let q be v(m). Is (q/3)/(4/84) composite?
True
Let l(g) = -g + 2. Suppose 12 = 4*o, -o = -3*p - 5*o + 6. Let x be l(p). Is x/14 - 692/(-28) composite?
True
Suppose 2*f - 2*l - 1802 = 3*l, 2*f + 2*l = 1788. Suppose -4*i + 1244 + f = 0. Is i a prime number?
False
Is ((-10635)/(-9))/(-3*5/(-45)) a composite number?
True
Suppose -g + 22749 = -0*g - 5*s, 5*g - 113687 = -4*s. Is g a composite number?
False
Let z = 52 + -52. Suppose z = -47*o + 46*o + 1091. Is o a composite number?
False
Let h(c) = c**2 + 2*c. Let o be h(-3). Suppose -d - 38 - o = 0. Let j = d + 94. Is j composite?
False
Let h be (3/4)/(1/4). Suppose -7*v = -h*v - 8. Is v/3*225/10 a prime number?
False
Let j(y) = 2*y**2 - 19*y + 20. Let c be j(21). Let t = 1194 - c. Is t a prime number?
True
Suppose -2 = -4*i + 2*o, -4*i + 4*o = -6*i + 16. Suppose -9 = -i*y - 3. Is 1 + 1 - y - -60 prime?
True
Let r = -815 - -1870. Is r prime?
False
Is (-192843)/(-35) - (-16)/(-20) a composite number?
True
Let j = -13 + 12. Let o be (-118)/12 + j/6. Let f = 3 - o. Is f a composite number?
False
Suppose -5*c - 3*j = 2*j, -4*j = 2*c + 4. Let a = 63 - 65. Is a + c - (-209 + -2) a prime number?
True
Suppose 0 = -5*m - 2*i + 9733 + 66206, 2 = i. Is m a prime number?
True
Suppose 3*p - 73 + 88 = 0. Let m(r) = -5*r - 2. Let j(g) = -6*g - 2. Let l(v) = 6*j(v) - 7*m(v). Is l(p) a composite number?
False
Suppose 7*h - h - 4014 = 0. Suppose 5*u = 2*u + h. Is u prime?
True
Suppose -6*i + 4*i - 6 = 0. Is i/(-2)*28/6 composite?
False
Let r(s) = 9*s**2 + 31*s - 42. Suppose -2*n + 25 = 2*h + 9, -3*h = 4*n - 19. Is r(h) a prime number?
False
Let h(s) = -2*s**3 - s**2 + 2*s + 1. Let f be h(-2). Let b = 9 - f. Suppose b = -5*m + 615 + 110. Is m prime?
False
Is 2/(8/264549) - (-14)/(-56) composite?
False
Let i(m) = m**3 + 11*m**2 - 26*m + 16. Let t be i(-13). Is (-12)/t - 5390/(-8) composite?
False
Suppose 2*o - 10904 = 2*d, 8*o - 2*d - 21802 = 4*o. Is o a composite number?
False
Suppose 2*m + 5 = 4*u + u, -3*u = -m - 3. Suppose 0 = -5*h + u + 9. Suppose 72 = h*d - 118. Is d composite?
True
Let r be ((-2)/(-5))/(1/10). Suppose a - r*q - 116 = -3*a, -5*q = -4*a + 120. Is (30/a)/((-2)/(-35)) composite?
True
Let c(x) = 551*x**2 - 8*x - 17. Is c(-2) prime?
True
Suppose -4*n + 18 = 4*r - n, 0 = -4*r + n + 10. Suppose r*d - 2*d + 8 = 0. Is (-3)/(-24) - 2007/d prime?
True
Suppose 4 = -0*w + 2*w. Let u(r) = -2*r**3 - 9*r**2 + 2*r + 9. Let h be u(-6). Suppose w*z = 5*z - h. Is z a prime number?
False
Suppose 2*t = -4*p - 30, 2*t - 20 = 3*p + t. Let i(z) = 34*z**2 - 2*z + 13. Is i(p) a prime number?
True
Let r(i) = i**2 - 11*i - 4. Let g be r(11). Let l(z) = z**3 + 5*z**2 + 2*z - 5. Let q be l(g). Suppose -c - q*c + 556 = 0. Is c a prime number?
True
Let z be (18/24)/((-2)/(-8)). Suppose -j + 107 = -2*p, -2*j = -z*j - p + 92. Is j prime?
True
Suppose -16*x - 4*c = -19*x + 70369, x + 3*c = 23465. Is x a composite number?
False
Suppose -8 = -4*g + 8*g - 3*s, -5 = -g - s. Suppose 2*q = 3*u + g, -2*u + 3 = -3. Let m(o) = o**3 - 2*o**2 + 4*o + 2. Is m(q) a composite number?
False
Let m be ((-2)/2)/(2/(-4)). Let d(l) = -2*l**2 + 23*l - 6. Let c be d(11). Suppose 93 = c*r - m*r. Is r a prime number?
True
Let q = 4158 - 6050. Let k = q - -3291. Is k a prime number?
True
Suppose -16*z - 22674 + 103298 = 0. Is z a composite number?
False
Let p = -2042 - -4120. Suppose 3*g = 2*k + 4401, -k + 610 - p = -g. Is g a prime number?
False
Let i(d) = 14*d**3 + 3*d**2 - 2*d - 4. Let l be 390/20 + (-2)/4. Suppose 6*q - l + 1 = 0. Is i(q) prime?
False
Let z(v) = -175*v + 46. Is z(-13) prime?
False
Let g(u) = -23*u + 9 + 58 - 12 - u. Is g(-17) prime?
True
Suppose 8 = 4*w + 2*h - 0*h, -5*w + 3*h = 12. Suppose 0 = 3*a - w*a - 201. Is a composite?
False
Suppose -5*c + 38 = -87. Let r = c - 18. Is r a composite number?
False
Is (-17)/153 + (-42760)/(-9) prime?
True
Suppose 0 = 5*b + 2*m - 10, -4*b - 15 = -0*b - 3*m. Let q = b + 38. Is q a composite number?
True
Let z(f) = -21*f**3 + 4*f**2 + 4*f - 7. Is z(-4) composite?
True
Suppose 18*a - 529176 = 298878. Is a prime?
False
Suppose -16*h - 52554 